14). Let g be (-1)/4 - (-65)/4. Calculate the greatest common divisor of g and a.
8
Suppose 1189*y - 1198*y = -306. Calculate the greatest common divisor of 119 and y.
17
Suppose 0 = -4*v - 14 + 58. Let n = v + 73. Calculate the highest common factor of n and 12.
12
Let r(q) = q**3 - 3*q**2 - 6*q + 5. Let u be (3 - 4)/((4/10)/(-2)). Let g be r(u). Calculate the greatest common factor of g and 25.
25
Let t(f) = 67*f + 103. Let i be t(-1). What is the highest common factor of i and 315?
9
Let v(i) = -i**2 - 16*i + 3. Let g be v(-7). What is the greatest common divisor of 12 and g?
6
Let x(z) = z**2 - 8*z + 19. Let d be x(5). Let r(t) = t**3 - 7*t + 8. Let p be r(d). What is the greatest common divisor of 11 and p?
11
Suppose -149 - 139 = -k. Suppose -9*d + 981 = k. What is the highest common factor of d and 11?
11
Suppose 0 = -4*a - 3*x + 25, -3*x - 11 = 4. Calculate the greatest common factor of a and 65.
5
Let t be (-2)/9 - 20/(-9). Suppose -y + 0*y = -18. Suppose -2*q - 2 = -y. What is the highest common divisor of t and q?
2
Suppose -3*z - 42 = -108. Suppose -3 = 2*w + 7, 5*w = 4*y - 289. Calculate the greatest common divisor of z and y.
22
Suppose -151 - 38 = -3*d. Suppose -3*h - 4 = 2. Let o be -2 - (-33)/((-6)/h). What is the greatest common divisor of d and o?
9
Let f(o) be the first derivative of o**4/2 + 26*o**3/3 + 4*o**2 - 16*o + 29. Let g be f(-12). What is the greatest common factor of g and 16?
16
Suppose 3*s = -8*s + 176. What is the highest common factor of 88 and s?
8
Let i(m) = 11*m**2 + m - 1. Suppose -3*o - 4*o = -14. Let p be i(o). What is the highest common divisor of p and 9?
9
Suppose 0 = -261*w + 283*w - 792. What is the greatest common divisor of 738 and w?
18
Suppose f - 31005 = -44*f. Calculate the greatest common factor of 13 and f.
13
Let z be (6141/178)/((-3)/(-2)). Suppose 4*y + 0*y = 92. Calculate the greatest common divisor of y and z.
23
Let y = 68 + -16. Suppose -6*r + 2*o = -8*r + 24, 5*o = 3*r - 44. What is the highest common factor of y and r?
13
Let s(w) be the first derivative of 13*w**3/3 - 2*w + 7. Let p be s(-2). Let z be p - (-3 - (3 - 6)). Calculate the highest common divisor of 10 and z.
10
Let b be (2 + 7)/(2 - (12 - 11)). Let t(a) = 2*a**3 - 1. Let w be t(2). Calculate the greatest common factor of w and b.
3
Suppose -2*u - 46 = -3*i + 27, -4*u = -2*i + 54. What is the greatest common divisor of 161 and i?
23
Suppose -3*z = -8*z + 25, -s + z + 71 = 0. What is the greatest common factor of 342 and s?
38
Let y(r) = 3*r**3 + 144*r**2 - 5*r - 205. Let s be y(-48). Suppose -3*g + 4*p = p - 9, 2*g - 26 = -3*p. What is the highest common factor of g and s?
7
Let n = -3136 + 3146. Suppose 4*v = -2*w + 764, -4*v = -5*w - 167 - 583. What is the highest common factor of v and n?
10
Suppose -4*g + 397 + 211 = 0. Calculate the greatest common factor of 209 and g.
19
Let x = -12 - 1. Let z = x - -23. Let m be 48/z*20/1. Calculate the highest common divisor of m and 12.
12
Let g(m) = -2*m**3 + 12*m**2 + 6*m + 2. Let d be g(6). Suppose 0 = -6*w + 2*w + 400. Suppose -375 = -5*c + w. What is the highest common divisor of d and c?
19
Let q(d) = d**2 + 21*d + 177. Let r be q(-15). Suppose -6 = -3*w + 81. What is the greatest common factor of r and w?
29
Suppose 5*t = -h + 76, -19*h + 18*h + 26 = -5*t. What is the highest common factor of h and 17?
17
Let d = -23 - -41. Let j = 32 - 27. Let z be (6/j)/(6/45). Calculate the highest common divisor of d and z.
9
Let m be 6 - (4 - 5)/(1/34). What is the highest common divisor of m and 280?
40
Let v = 1158 + -672. Calculate the highest common factor of 54 and v.
54
Let h(y) = 4*y**2 + 6*y - 2. Let n be h(-3). What is the highest common factor of 176 and n?
16
Let c(z) = -z**3 + 19*z**2 - 15*z - 20. Let m be c(18). Let l = -1 - -69. Calculate the greatest common factor of l and m.
34
Let y(j) = -4 + 5 + 8*j + 3*j. Let m be y(1). Suppose 2*s + 15 = 7*s. What is the greatest common factor of m and s?
3
Suppose -5*k + 33 - 3 = 0. Calculate the highest common factor of 8 and k.
2
Suppose 2*s = -f, -6 - 6 = -f + 4*s. Calculate the greatest common factor of 172 and f.
4
Let r be (-9)/9 - (58 - -1). Let u be (-48)/r - (-8)/(-10). Suppose -14 = -4*j + 2*f, u = -3*j + 4*j + f - 5. What is the highest common divisor of 36 and j?
4
Let z = -375 + 378. Calculate the greatest common factor of z and 81.
3
Suppose 85 = t + 3*k, 3*t - 181 - 85 = 2*k. Calculate the greatest common factor of 308 and t.
44
Let i(x) = -x**3 - 9*x**2 - 6*x + 17. Let m be i(-8). Let o be ((-56)/(-12))/(m/9). Calculate the highest common divisor of o and 6.
6
Let l be -1 + (-7)/(-5) + (-796)/(-10). Suppose 5*k - 3*q - l = 0, -2*q + 80 = 5*k + 2*q. Calculate the highest common factor of k and 176.
16
Let b = 50 + -46. What is the highest common factor of 76 and b?
4
Suppose 53 = -2*y + 123. What is the greatest common divisor of y and 210?
35
Let w = 36 - -10. Calculate the highest common factor of w and 4.
2
Let a = -1 - -5. Let x be -36*(3/3 + 0). Let s = x + 64. What is the highest common divisor of a and s?
4
Let z = 19 - 19. Suppose z = -2*j - 4*b + 364, 3*j + 23 = 5*b + 558. Calculate the highest common factor of j and 20.
20
Suppose -63*m - 15 = -67*m + 5*x, 2*m + 2*x = 12. Calculate the greatest common divisor of 35 and m.
5
Suppose -8 = -0*p - 4*p. Suppose p*q - 3*q = -f + 7, 5*f = -3*q - 5. Suppose h - f*h + 40 = 0. Calculate the highest common divisor of 5 and h.
5
Suppose 0 = k - 33 - 222. Calculate the highest common factor of k and 51.
51
Suppose -28*a = -0*a - 1120. Calculate the greatest common divisor of 8 and a.
8
Let t be (-2)/(-8) - (-5 - 27/4). What is the highest common factor of t and 28?
4
Let f(d) = -d**2 - 4*d - 1. Let v be f(-5). Let b be v/(-4)*(2 - 0). Suppose b*q + q = 48. What is the greatest common factor of 4 and q?
4
Suppose 4*m = 86 + 138. Let l = 1355 + -739. What is the highest common divisor of l and m?
56
Suppose -88 = m - 5*m. Let j be -80 + -1*(3 - 2). Let h = 279 + j. What is the greatest common factor of m and h?
22
Let n be (-41 + -1)*(32/(-12))/8. Calculate the greatest common divisor of 301 and n.
7
Let c = -77 + 81. Let d be (50/20)/(2/c). Calculate the highest common factor of 25 and d.
5
Suppose -4*j - 5*c + 177 = 0, -10*c + 7*c = -j + 57. Calculate the highest common divisor of j and 16.
16
Suppose 1568 = 4*y + 4*y. Calculate the highest common factor of y and 56.
28
Suppose 12*l - 100 = 7*l. Let c = -8 + l. Suppose -3 = -3*o + 69. Calculate the greatest common factor of c and o.
12
Let c(j) = -19*j**2 - 4 + 4*j + 39*j**2 - 19*j**2 - 8. Let i be c(8). Let n = 1 + 11. Calculate the greatest common factor of n and i.
12
Let z = -734 + 769. Calculate the greatest common factor of 5 and z.
5
Let k(b) be the second derivative of -b**5/20 + 5*b**4/12 + b**3/6 + 6*b. Let c be k(4). Suppose 2*q = 26 + c. What is the greatest common factor of 207 and q?
23
Let d = 2257 + -2247. Let g(u) = -u + 30. Let z be g(0). What is the greatest common divisor of z and d?
10
Suppose 5 = 5*q, 5*p = 2*p - q + 43. Calculate the greatest common factor of 126 and p.
14
Let v be (-12)/90 + 4/30. Suppose z - 1 = 0, v*o + 2*o = z + 73. Calculate the highest common divisor of o and 37.
37
Suppose -123 = -5*g + 67. What is the highest common factor of 114 and g?
38
Suppose -2*o + 17622 = -5*o. Let r be (-8)/12*o/4. Suppose -3*q + r = -110. Calculate the greatest common factor of 33 and q.
33
Let y be 111*(16 - 10)/6. Calculate the greatest common factor of 74 and y.
37
Let r be 10/(-55) + (-2632)/44. Let q = r - -67. Suppose z - 8 = -1. Calculate the greatest common divisor of q and z.
7
Suppose -2*i = -r + 52, 217 = 4*r + i - 36. Suppose -481 = -5*u + 4*v, -u - u + 178 = 2*v. What is the highest common factor of u and r?
31
Let m be 7/2 - (-7)/(-42)*3. Suppose -m*v = v - 5*i - 746, -2*v + 360 = 4*i. What is the highest common divisor of v and 23?
23
Suppose -3*v + 5*m + 240 = -v, v - 94 = -4*m. Let a(q) = 11*q**2 + 5*q + 10. Let t be a(-2). What is the greatest common factor of v and t?
22
Suppose 3*i = 4*m + 367, 347 = 8*i - 5*i + m. Let y = i - 79. Suppose 3*f + 5*q = 798, q + 265 = f - 1. Calculate the highest common divisor of f and y.
38
Suppose 46*x = 4*x + 7098. What is the greatest